te q(1).
1
Let x(h) = -7*h**2 - 4*h + 6. Determine x(-3).
-45
Let x(k) = -k**3 + k**2 + k - 32. Calculate x(0).
-32
Let n(l) = l**2 + 13*l + 22. Give n(-10).
-8
Let k(d) = d**3 + 4*d**2 + d - 4. Calculate k(-4).
-8
Let a(x) = -2*x**2 + 33*x + 54. What is a(18)?
0
Let b(a) = a**3 + a**2 + 11. Give b(0).
11
Let f(u) = 9*u - 4. Calculate f(6).
50
Let l(k) = -2*k**2 - k - 1. Give l(-1).
-2
Let a(o) = o - 9. Determine a(-11).
-20
Let x(i) = -i + 7. Calculate x(10).
-3
Let f(g) = g**3 - 13*g**2 + 12*g + 2. Calculate f(12).
2
Let k(w) = w**2 + 6*w - 9. Determine k(-8).
7
Let h(z) = -z**2 - 35*z - 268. Calculate h(-23).
8
Let f(n) = -4*n**3 + n + 6. Calculate f(0).
6
Let j(k) = 14*k - 2. Calculate j(3).
40
Let h(v) = v**3 - 42*v**2 + 116*v + 45. Give h(39).
6
Let x(g) = g**3 - 3*g**2 - 4*g - 4. Give x(4).
-4
Let h(v) = -v**2 + 7*v + 104. Give h(14).
6
Let w(u) = -27*u + 262. What is w(9)?
19
Let k(s) = -2*s**3 - 11*s**2 - 4*s - 7. Give k(-5).
-12
Let u(g) = g**3 + 5*g**2 - 16*g + 9. What is u(-7)?
23
Let p(y) = -3*y - 15. Calculate p(4).
-27
Let p(r) = 4*r**2 - r + 3. Determine p(0).
3
Let y(x) = -80*x - 649. Determine y(-8).
-9
Let o(k) = -k**3 - 5*k**2 + 3*k - 21. What is o(-6)?
-3
Let j(m) = 3*m + 5. Calculate j(-3).
-4
Let t(q) = q**2 + 11*q + 19. Calculate t(-9).
1
Let p(z) = -z**2 + 4*z + 6. Determine p(7).
-15
Let q(u) = u**2 + 51*u + 229. Determine q(-5).
-1
Let m(p) = -10*p - 86. Give m(-7).
-16
Let a(w) = -w**2 - 12*w - 25. Give a(-9).
2
Let d(n) = 19*n + 2. Determine d(1).
21
Let d(i) = -28*i**2 + 4*i - 2. Calculate d(1).
-26
Let z(a) = -a**3 + 3*a**2 + 43*a - 20. Calculate z(8).
4
Let p(k) = -3*k - 12. What is p(2)?
-18
Let j(i) = -i**2 - 2*i + 3. Give j(-5).
-12
Let c(v) = -v**2 - 5*v - 11. Determine c(-12).
-95
Let n(o) = 8*o**2 - 2*o + 3. Calculate n(2).
31
Let i(y) = -29*y**3 + 7*y**2 + 8*y + 1. Give i(-1).
29
Let w(n) = -2*n**2 - 5*n + 1. Determine w(-3).
-2
Let r(a) = -a + 3. Determine r(3).
0
Let i(p) = p**2 - 10*p. Give i(10).
0
Let a(k) = -2*k**3 + 2*k**2 - k + 6. What is a(3)?
-33
Let o(x) = -2*x - 1. What is o(1)?
-3
Let m(q) = -4*q - 43. Determine m(-13).
9
Let z(g) = -g**3 + 5*g**2 + 5*g + 18. What is z(7)?
-45
Let m(u) = -u**3 - 4*u**2 - 1. What is m(-2)?
-9
Let s(v) = 28*v**2 - 1. What is s(-1)?
27
Let i(p) = 33*p**3 - 4*p**2 - 2*p + 4. What is i(1)?
31
Let g(p) = -8*p - 366. Give g(-46).
2
Let p(i) = -i**2 - 18*i - 27. What is p(-17)?
-10
Let r(i) = -i**3 + i**2 - 4*i + 3. What is r(2)?
-9
Let f(z) = 2*z**3 - 12*z**2 - 5*z + 27. Give f(6).
-3
Let r(b) = b + 6. Calculate r(-26).
-20
Let d(p) = -3*p - 2. Determine d(-8).
22
Let f(r) = r**2 + 1. Determine f(-3).
10
Let l(w) = -w**2 - 12*w - 33. Give l(-5).
2
Let x(c) = c**3 - 8*c**2 + 10*c - 12. Calculate x(7).
9
Let x(t) = 17*t**2 - t + 2. Determine x(-2).
72
Let i(s) = s + 4. Determine i(18).
22
Let k(d) = -d + 9. What is k(8)?
1
Let a(g) = -g**3 - 7*g**2 - 1. Calculate a(-6).
-37
Let c(u) = 2*u**2 + 9*u - 24. Give c(-9).
57
Let j(s) = s**3 + s**2 - 8*s + 6. Determine j(-4).
-10
Let v(g) = 5*g + 30. Determine v(-6).
0
Let u(n) = -2*n + 8. Give u(0).
8
Let y(k) = -k**3 - 14*k**2 + 21*k + 88. What is y(-15)?
-2
Let p(l) = 3*l**2 - l - 5. Calculate p(-2).
9
Let a(o) = -5*o - 9. Determine a(-6).
21
Let q(x) = -8*x + 19. Calculate q(3).
-5
Let t(q) = -q**3 + 4*q**2 - 2*q + 1. Determine t(3).
4
Let b(h) = -23*h + 162. What is b(7)?
1
Let u(f) = -f - 12. Give u(-4).
-8
Let d(h) = h**2 + 8*h - 18. Determine d(2).
2
Let p(c) = -c**3 - 6*c**2 - 6*c - 14. Determine p(-6).
22
Let m(q) = -q**2 + 10*q - 3. Determine m(8).
13
Let a(u) = u - 9. Give a(10).
1
Let y(f) = -2*f**3 + 11*f**2 + 3*f - 9. Give y(6).
-27
Let j(z) = -4*z - 1. Determine j(-1).
3
Let p(m) = m**2 + 3*m + 17. Determine p(-3).
17
Let p(g) = g**2 - 8*g + 11. Determine p(5).
-4
Let d(u) = -2*u - 7. Calculate d(-14).
21
Let p(j) = -j**3 + 3*j**2. What is p(2)?
4
Let l(k) = -31*k + 1430. Calculate l(46).
4
Let f(d) = -d**2 + 9*d + 2. Calculate f(9).
2
Let a(d) = d**2 - 7*d - 8. What is a(-4)?
36
Let j(q) = q**3 - 4*q**2 - 5*q - 2. Give j(5).
-2
Let h(r) = -r**2 - 5*r + 6. Calculate h(-5).
6
Let o(j) = -25*j - 325. Calculate o(-13).
0
Let x(q) = 3*q**2 + 4*q. Give x(-3).
15
Let p(q) = -16*q - 5. Determine p(1).
-21
Let v(i) = i**2 + 19*i + 27. Determine v(-17).
-7
Let t(j) = -14*j + 1. What is t(1)?
-13
Let q(c) = c**2 + 8*c - 8. What is q(-9)?
1
Let m(a) = 5*a + 3. Give m(-3).
-12
Let w(n) = -22*n + 311. Determine w(13).
25
Let n(o) = -2*o**2 + 8*o + 26. Give n(6).
2
Let i(k) = 5*k + 3. Give i(-3).
-12
Let t(z) = -z**2 - 10*z + 7. Give t(-7).
28
Let m(n) = -n**2 - 28*n + 80. Calculate m(-31).
-13
Let g(h) = -h**3 - 14*h**2 - 28*h - 41. Determine g(-12).
7
Let y(d) = -2*d**2 - 10*d + 19. What is y(-9)?
-53
Let f(j) = 3*j**2 + 4*j + 6. What is f(-4)?
38
Let q(i) = 2*i**2 - 2*i - 6. Calculate q(3).
6
Let g(m) = 4*m**2 + m + 2. What is g(2)?
20
Let z(c) = 57*c - 1. Give z(1).
56
Let t(w) = -w**3 - 19*w**2 + 20*w - 2. Give t(-20).
-2
Let p(r) = 9*r + 111. Give p(-11).
12
Let c(z) = -4*z - 16. Give c(11).
-60
Let n(k) = k**3 - 10*k**2 + k + 1. Calculate n(10).
11
Let d(q) = -3*q**2 + 2*q - 1. Give d(2).
-9
Let v(j) = j**2 + 10*j - 5. Determine v(-11).
6
Let b(d) = -d**3 - 3*d**2 - d + 1. Calculate b(-3).
4
Let d(f) = 2*f**3 + 10*f**2 - f - 4. Determine d(-5).
1
Let n(j) = -j**2 - 5*j + 2. Give n(-7).
-12
Let x(n) = 6*n + 54. What is x(-8)?
6
Let p(q) = -q**3 + 10*q**2 - 17*q - 13. Determine p(9).
-85
Let a(m) = 6*m + 3. Give a(2).
15
Let r(p) = p**2 + 10*p - 9. Calculate r(-10).
-9
Let q(g) = -2*g**3 + 4*g**2 - 2*g - 2. What is q(2)?
-6
Let x(k) = -12*k - 355. Determine x(-30).
5
Let v(c) = -c**2 - 5*c - 1. Calculate v(-7).
-15
Let d(a) = -2*a**3 + 69*a**2 + 34*a + 36. Calculate d(35).
1
Let x(u) = -13*u - 81. What is x(0)?
-81
Let d(s) = s**2 - 9*s - 8. Give d(11).
14
Let l(z) = 2*z**3 + z**2 - 2*z. Calculate l(1).
1
Let q(y) = -y**2 - 7*y + 15. Give q(-8).
7
Let j(b) = 5*b - 21. What is j(3)?
-6
Let c(r) = -6*r**2 - 3*r + 1. What is c(1)?
-8
Let i(j) = -j + 3. Determine i(-9).
12
Let i(g) = -51*g. Determine i(-1).
51
Let z(w) = -8*w**3 - w**2 - 2*w + 2. Determine z(1).
-9
Let v(o) = o**3 + 6*o**2 + 4*o + 14. Determine v(-7).
-63
Let h(t) = t**3 - 6*t**2 - 4*t + 1. Calculate h(7).
22
Let o(t) = -2*t**3 + 5*t**2 + 29*t - 7. What is o(-3)?
5
Let x(o) = -o**2 + 7*o + 1. Calculate x(6).
7
Let y(r) = -r**2 - 10*r - 2. Determine y(-10).
-2
Let x(k) = -k**3 - 4*k**2 + 7*k - 1. Calculate x(-5).
-11
Let r(m) = -13*m. Determine r(3).
-39
Let h(q) = q**3 - q**2 + 5*q - 1. Determine h(3).
32
Let z(q) = -q - 2. Calculate z(-3).
1
Let u(k) = -k + 14. What is u(6)?
8
Let g(y) = -y**2 + 18*y - 31. Give g(16).
1
Let d(n) = -n**3 + n - 12. Determine d(0).
-12
Let t(j) = j**2 + 11*j - 105. What is t(6)?
-3
Let x(p) = p - 6. Give x(9).
3
Let b(g) = -2*g + 36. What is b(16)?
4
Let w(a) = a**3 + 7*a**2 + 11*a - 11. Calculate w(-5).
-16
Let w(p) = -p**3 + 4*p**2 + 34*p + 103. Give w(9).
4
Let a(p) = -p**2 - 4*p + 193. What is a(12)?
1
Let v(l) = -l**3 + 2*l**2 + 5*l - 6. Determine v(3).
0
Let v(p) = -p**2 + 25*p - 29. Calculate v(24).
-5
Let l(d) = d**2 + 17*d + 24. Determine l(-13).
-28
Let b(f) = 3*f + 66. Calculate b(15).
111
Let z(i) = 2*i**2 - 19*i + 10. What is z(8)?
-14
Let o(n) = -4*n**2 + 7*n - 9. Calculate o(6).
-111
Let z(c) = 6*c + 5. Calculate z(-2).
-7
Let d(f) = -f + 16. Determine d(19).
-3
Let v(w) = -w**2 + 5*w - 7. Give v(6).
-13
Let l(k) = 2*k**3 + 48*k**2 - 9*k - 210. Determine l(-24).
6
Let g(z) = z**3 - 3*z**2 - 3*z - 1. Calculate g(4).
3
Let n(h) = -h**3 - h - 16. Determine n(0).
-16
Let v(l) = -l**2 + 5*l - 3. Give v(-4).
-39
Let o(t) = -3*t + 22. Give o(5).
7
Let n(g) = -g**3 - g**2 + 2*g + 26. Calculate n(0).
26
Let q(l) = -5*l - 3. Give q(7).
-38
Let m(p) = p**2 - 18*p + 38. Determine m(15).
-7
Let j(t) = -t**2 + 8*t + 43. What is j(-4)?
-5
Let n(c) = -15*c - 6. Give n(-3).
39
Let z(t) = t**2 - 19*t - 46. Determine z(21).
-4
Let n(b) = 3*b**2 - 12*b + 4. What is n(4)?
4
Let q(s) = 11*s - 40. Calculate q(4).
4
Let o(g) = -g**2 + 11*g - 13. Calculate o(8).
11
Let b(t) = t**2 - 5*t - 8. What is b(6)?
-2
Let t(c) = 4*c - 9. Calculate t(4).
7
Let t(h) = -14*h + 85. Give t(8).
-27
Let s(r) = -r**3 - 50*r**2 - 47*r + 92. What is